144
Suppose 5*b = -3*g + b + 1285, 2*b - 854 = -2*g. Suppose 12*m = 270 + 294. What is the greatest common divisor of m and g?
47
Suppose -w + 3*o + 874 = 0, -6*w - 5*o = -9*w + 2630. What is the highest common divisor of w and 22?
22
Let s = -411 - -243. Let v = 180 + s. What is the greatest common factor of v and 52?
4
Let d be 4 - 1*(2 - -2). Let y be 2*(d + (-3)/(-2)). Let w be (-7 + -17)*y/(-4). What is the greatest common factor of 72 and w?
18
Suppose 70*a + 12*a = 3444. What is the greatest common divisor of a and 177?
3
Let g be 70/105 + (-48)/99 + (-17484)/(-33). What is the highest common factor of g and 689?
53
Let r = 1517 - 1385. Calculate the highest common divisor of r and 15.
3
Suppose 2530 = 628*o - 633*o. Let u = o - -528. Let h = 9 - 7. What is the highest common divisor of h and u?
2
Let v = 54027 + -53803. Let a be 2 + -1 + 1*13. Calculate the greatest common divisor of v and a.
14
Let p(f) = -f**3 - 11*f**2 - 10*f - 92. Let n be p(-11). Suppose 4*k + 40 - 55 = -b, -n = -5*k - b. Calculate the highest common factor of 96 and k.
3
Let k(c) = -11*c - 86. Let p be k(-8). Let r be 95/(7*p/14). Calculate the highest common factor of r and 57.
19
Suppose -3*d = 5*x - 602, 3*x + 1035 = 5*d + 5*x. Let p = d + -49. Suppose 12*n + p = 20*n. What is the greatest common divisor of 80 and n?
20
Let h(x) = -5*x**2 + 64*x**2 - 3*x + 5*x + 0*x. Let s be h(2). Let g(i) = i**3 - 12*i**2 + i + 18. Let l be g(12). What is the highest common factor of s and l?
30
Suppose 6*x + 20 = x, 0 = -3*c - 5*x - 8. Let n(t) = 6 + 3*t - 10*t**2 + 9*t**2 + c. Let r be n(0). Calculate the highest common factor of r and 10.
10
Suppose -32*s + 125*s = 41850. Calculate the highest common divisor of s and 375.
75
Suppose -10*h - 25 = -645. Suppose l + 4*d - h = 0, 0*l - 3*l - 3*d = -159. Let c be 21 - (-2*1)/(-2). What is the highest common divisor of c and l?
10
Let j = -3283 - -5779. What is the highest common divisor of 78 and j?
78
Suppose -2*b + 0 = 3*j - 102, -2*b = 0. Let o be 2/4*j/17. Let k = 8 - o. Calculate the greatest common factor of k and 63.
7
Let q = 153 + -163. Let w be (-4336)/q + 136/40 + -3. Calculate the highest common factor of 28 and w.
14
Suppose -28*c - 382 = -27*c. Let b = -229 - c. Calculate the highest common divisor of b and 9.
9
Let p = -85 - -127. Let l be 317/(-7) + 12/p. Let c = 65 + l. Calculate the greatest common factor of 80 and c.
20
Let y(h) = 53*h**3 - 13*h**2 - h + 21. Let a be y(4). What is the highest common factor of 679 and a?
97
Let v = -51 + 88. Suppose -r + j = -41, -3*r - 4*j - v = -139. Let g = 317 + -298. Calculate the highest common divisor of r and g.
19
Suppose -75*j - 22185 = -41*j - 43*j. Calculate the greatest common factor of 145 and j.
145
Let d(p) = 54*p**3 + 4*p**2 - 6*p + 4. Let q be d(1). What is the greatest common divisor of 2142 and q?
14
Let y(v) = -138*v + 293. Let j be y(2). Calculate the greatest common divisor of j and 4131.
17
Suppose 54*n - 90*n = -58*n + 12584. Calculate the highest common factor of n and 407.
11
Let n = 673 - 449. Suppose 0 = -2*k + 238 + n. Calculate the highest common factor of 21 and k.
21
Let z be (-23)/((-4370)/304)*280. Let v(i) = 4*i**2 - 8*i. Let d be v(-6). What is the greatest common divisor of d and z?
64
Let n = 1820 + -1448. Calculate the highest common factor of 651 and n.
93
Let v be ((-913)/44 + 15)*((-6)/(-2) + -299). Calculate the greatest common divisor of 1850 and v.
74
Suppose 18 + 12 = 10*z. Suppose -c - 3*l + z = 0, 2*c - l = 6 - 0. Suppose c*r - 475 = -2*r. Calculate the highest common factor of 5 and r.
5
Let v(h) = 128*h**3 + 3*h**2 - 58*h + 56. Let q be v(1). What is the highest common factor of 29283 and q?
129
Let z be (-8)/36 + (-83)/(-9). Let b be 304/10 + z/((-45)/2). Let o = 0 + b. What is the greatest common factor of o and 45?
15
Suppose 3*h - 5*n - 32819 = 0, 3971*n - 3970*n = 2. Calculate the highest common factor of 31 and h.
31
Let w be 3*-692*(3 - (15 - 11)). What is the greatest common divisor of w and 6?
6
Suppose 0 = 2*x + f - 1382, 11*f - 10*f - 2758 = -4*x. Calculate the highest common divisor of 16 and x.
16
Suppose 8*b = 2*b - 156. Let m be (-3)/2*b/13. Let h be 16/5 - (-8)/(-440)*11. Calculate the highest common factor of h and m.
3
Let k = 29674 + -29597. What is the greatest common divisor of 48279 and k?
77
Let i = 8 - 4. Suppose -i*y - 3*w - 272 = 0, 5*y - w + 163 = -177. Let g be y/(-5) - (-22)/55. Calculate the highest common factor of g and 2.
2
Suppose 4*n = 3*u - 112, 3*u + 3*n - 73 = 11. Let p = 356 + 380. Calculate the highest common factor of u and p.
32
Suppose 5*n - 8*n = -228. Suppose 6*t - 3*t = -5*b - 1, t = -3*b - 3. Let s be b/(-7) - (-8756)/77. What is the greatest common factor of n and s?
38
Let r(g) = 21*g**2 - 8*g. Let v be r(-2). Suppose 5*u - 2*o = -0*u + 304, -3*o = 6. What is the highest common divisor of u and v?
20
Let f(h) = -h**2 + 17*h - 57. Let v be 6 - 5*(-3 - -2). Let m be f(v). What is the greatest common divisor of m and 27?
9
Let q = 24 + -32. Let w be (-2)/q + (-91)/28. Let l(s) = -5*s + 1. Let a be l(w). What is the greatest common divisor of 144 and a?
16
Suppose 171 = -5*q - 274. Suppose -3 = 4*h + 1, -2*m - 325 = -3*h. Let j = q - m. Calculate the greatest common divisor of j and 25.
25
Let k be 16114/10 + (-474)/(-790) + (-6)/(-1). Calculate the highest common factor of k and 2.
2
Suppose 1200*s - 71118 = 1191*s. What is the greatest common divisor of 18 and s?
18
Let q = 660 - 464. Suppose 4*o = 2*o - q. Let s be ((-924)/o)/(0 + 2/42). Calculate the highest common divisor of 22 and s.
22
Suppose 405*k - 403*k - 141 - 149 = 0. What is the greatest common factor of 4495 and k?
145
Let n be 4/(-18) - (-112)/18. Suppose -n*q = -5*q - 194. Suppose 0 = -4*f - 3*w + 133, -q = -5*f - w - 36. Calculate the highest common factor of 217 and f.
31
Suppose -89 = 3*r + 892. Let q = -117 - r. Suppose 13*v = 8*v + q. What is the greatest common factor of v and 168?
42
Let g = -108 - -111. Let i be g/(-5) - (-1329)/15. Suppose z = 3*z - i. Calculate the highest common divisor of 22 and z.
22
Suppose 2*d = 4*o + 94, 0 = 3*d - 41*o + 40*o - 126. Calculate the highest common divisor of 1 and d.
1
Let b = -7 - -10. Let i be (-8)/36 - ((-1762)/72 - 2/(-8)). Suppose j = u - 21, 4*u + b*j - 25 = i. Calculate the highest common divisor of 2 and u.
2
Let b be (-46476)/(-10) - ((-172)/(-20) + -9). What is the highest common factor of b and 56?
56
Suppose -5*z + 3412 = -c, -52 - 3352 = -5*z - 3*c. Calculate the highest common factor of 22 and z.
22
Suppose 8*f - 3 = 5*f. Let n(y) = 68*y**2 - 2*y - 1. Let z be n(f). Calculate the greatest common factor of z and 13.
13
Let j(w) = -6*w - 72. Let v(k) = k + 18. Let r(n) = 2*j(n) + 9*v(n). Let o be r(-4). Calculate the greatest common divisor of o and 15.
15
Let k = 0 + 24. Suppose f = -3*m + 89, 6*f = m + 7*f - 27. Suppose 0 = -m*j + 26*j + 960. What is the greatest common factor of k and j?
24
Suppose 187*f - 190*f = -9. Suppose -2*g = -f*y + 2*g + 3, 4 = 2*y - 2*g. Calculate the greatest common divisor of y and 3.
1
Let x be (-11 - -1)/(74/(-111)). Let y = 49 + x. What is the highest common factor of y and 8?
8
Let s be (122 + -43)/((-2)/(-4)*1). Suppose 0 = s*l - 151*l - 504. What is the highest common factor of l and 8?
8
Let n be (-5 - -7)/((-1)/(-3)*3). Let z be (-1593)/54*(n + -4). What is the highest common divisor of 59 and z?
59
Let q = 184 + -179. Calculate the highest common factor of q and 1370.
5
Suppose 5*g = -2*y + 769, -47*y = -51*y + 3*g + 1473. What is the greatest common divisor of 5828 and y?
124
Let q = -2558 - -3170. Calculate the greatest common factor of 252 and q.
36
Let s(b) = -b - 29. Let f be s(-14). Let y be -10*6/f + 2. What is the greatest common divisor of 2 and y?
2
Let q be ((-39280)/6)/2*705/(-470). What is the greatest common factor of q and 10?
10
Let n(x) = 509*x + 3868. Let a be n(-5). Calculate the greatest common factor of a and 135.
27
Suppose 0 = 4*z - 4*p - 16000, 59*p - 58*p = -5. What is the greatest common divisor of z and 85?
85
Let k = -23 + 19. Let m be (-1 - k)/3 - 1428/(-34). Suppose 3*g = 4*p + 274, -2*p = -5*g + 365 + 73. Calculate the highest common factor of m and g.
43
Suppose -26*g = -2257 + 177